{"id":20087,"date":"2025-09-16T14:41:53","date_gmt":"2025-09-16T14:41:53","guid":{"rendered":"https:\/\/raceandequality.org\/?post_type=resources&#038;p=20087"},"modified":"2025-09-16T22:51:48","modified_gmt":"2025-09-16T22:51:48","slug":"a-raca-e-igualdade-realizara-na-colombia-dois-encontros-da-escola-katia-tapety","status":"publish","type":"resources","link":"https:\/\/raceandequality.org\/pt-br\/resources\/a-raca-e-igualdade-realizara-na-colombia-dois-encontros-da-escola-katia-tapety\/","title":{"rendered":"A Ra\u00e7a e Igualdade realizar\u00e1 na Col\u00f4mbia dois encontros da Escola K\u00e1tia Tapety"},"content":{"rendered":"<p><span style=\"font-weight: 400;\">Bogot\u00e1, 16 de setembro de 2025 &#8211; O Instituto sobre Ra\u00e7a, Igualdade e Direitos Humanos (Ra\u00e7a e Igualdade), em parceria com o Grupo de Acci\u00f3n y Apoyo a personas Trans (GAAT) e a Fundaci\u00f3n Somos Identidad, realizar\u00e1 na Col\u00f4mbia dois encontros da Escola de Forma\u00e7\u00e3o Pol\u00edtica K\u00e1tia Tapety, que acontecer\u00e3o no dia 23 de setembro em Cali e no dia 26 em Bogot\u00e1.<\/span><\/p>\n<p><strong>A Escola de Forma\u00e7\u00e3o Pol\u00edtica K\u00e1tia Tapety \u00e9 um projeto do Instituto criado no Brasil em 2022, com o objetivo de capacitar mulheres LBTI, negras e ind\u00edgenas para que possam participar plenamente em espa\u00e7os de poder e tomada de decis\u00f5es. Desde a sua cria\u00e7\u00e3o, mais de 60 l\u00edderes no Brasil participaram dessas jornadas de capacita\u00e7\u00e3o.<\/strong><\/p>\n<p><span style=\"font-weight: 400;\">O programa leva o nome de K\u00e1tia Tapety, reconhecida como a primeira travesti eleita por voto direto no Brasil em 1992, cujo legado pol\u00edtico \u00e9 uma refer\u00eancia na Am\u00e9rica Latina para a defesa dos direitos humanos e a amplia\u00e7\u00e3o da participa\u00e7\u00e3o pol\u00edtica de mulheres trans, travestis, negras e ind\u00edgenas.<\/span><\/p>\n<p><span style=\"font-weight: 400;\">Durante os encontros que ser\u00e3o realizados na Col\u00f4mbia, ser\u00e3o desenvolvidas sess\u00f5es sobre os seguintes temas:<\/span><\/p>\n<ul>\n<li><span style=\"font-weight: 400;\">Conceitos e alcance da participa\u00e7\u00e3o pol\u00edtica.<\/span><\/li>\n<li><span style=\"font-weight: 400;\">Manifesta\u00e7\u00f5es e consequ\u00eancias da viol\u00eancia pol\u00edtica.<\/span><\/li>\n<li><span style=\"font-weight: 400;\">Mecanismos internacionais de prote\u00e7\u00e3o dos direitos humanos.<\/span><\/li>\n<li><span style=\"font-weight: 400;\">Interc\u00e2mbio de experi\u00eancias e aprendizados da Escola no Brasil.<\/span><\/li>\n<\/ul>\n<p><strong>Se voc\u00ea \u00e9 uma pessoa LBTI, negra ou ind\u00edgena e deseja participar deste espa\u00e7o, inscreva-se no link a seguir. As vagas s\u00e3o limitadas: <a href=\"https:\/\/forms.cloud.microsoft\/r\/sckf9qMPXt\">https:\/\/forms.cloud.microsoft\/r\/sckf9qMPXt<\/a>\u00a0<\/strong><\/p>\n","protected":false},"excerpt":{"rendered":"<p>Esses di\u00e1logos, que ser\u00e3o realizados nos dias 23 e 26 de setembro em Cali e Bogot\u00e1, respectivamente, contar\u00e3o com a presen\u00e7a de algumas mulheres LBTI que participaram dessas jornadas de capacita\u00e7\u00e3o no Brasil. <\/p>\n","protected":false},"author":8,"featured_media":20077,"parent":0,"menu_order":0,"template":"","format":"standard","categories":[],"resources_country":[1190,1192],"resources_language":[],"resources_audience":[],"resources_format":[],"resources_topic":[1092,1098,1103,1116],"resources_year":[],"class_list":["post-20087","resources","type-resources","status-publish","format-standard","has-post-thumbnail","hentry","resources_country-brasil-pt-br","resources_country-colombia-pt-br","resources_topic-afrodescendentes","resources_topic-direitos-humanos","resources_topic-lgbti-pt-br","resources_topic-pessoas-trans"],"acf":[],"aioseo_notices":[],"_links":{"self":[{"href":"https:\/\/raceandequality.org\/pt-br\/wp-json\/wp\/v2\/resources\/20087","targetHints":{"allow":["GET"]}}],"collection":[{"href":"https:\/\/raceandequality.org\/pt-br\/wp-json\/wp\/v2\/resources"}],"about":[{"href":"https:\/\/raceandequality.org\/pt-br\/wp-json\/wp\/v2\/types\/resources"}],"author":[{"embeddable":true,"href":"https:\/\/raceandequality.org\/pt-br\/wp-json\/wp\/v2\/users\/8"}],"wp:featuredmedia":[{"embeddable":true,"href":"https:\/\/raceandequality.org\/pt-br\/wp-json\/wp\/v2\/media\/20077"}],"wp:attachment":[{"href":"https:\/\/raceandequality.org\/pt-br\/wp-json\/wp\/v2\/media?parent=20087"}],"wp:term":[{"taxonomy":"category","embeddable":true,"href":"https:\/\/raceandequality.org\/pt-br\/wp-json\/wp\/v2\/categories?post=20087"},{"taxonomy":"resources_country","embeddable":true,"href":"https:\/\/raceandequality.org\/pt-br\/wp-json\/wp\/v2\/resources_country?post=20087"},{"taxonomy":"resources_language","embeddable":true,"href":"https:\/\/raceandequality.org\/pt-br\/wp-json\/wp\/v2\/resources_language?post=20087"},{"taxonomy":"resources_audience","embeddable":true,"href":"https:\/\/raceandequality.org\/pt-br\/wp-json\/wp\/v2\/resources_audience?post=20087"},{"taxonomy":"resources_format","embeddable":true,"href":"https:\/\/raceandequality.org\/pt-br\/wp-json\/wp\/v2\/resources_format?post=20087"},{"taxonomy":"resources_topic","embeddable":true,"href":"https:\/\/raceandequality.org\/pt-br\/wp-json\/wp\/v2\/resources_topic?post=20087"},{"taxonomy":"resources_year","embeddable":true,"href":"https:\/\/raceandequality.org\/pt-br\/wp-json\/wp\/v2\/resources_year?post=20087"}],"curies":[{"name":"wp","href":"https:\/\/api.w.org\/{rel}","templated":true}]}}

A Raça e Igualdade realizará na Colômbia dois encontros da Escola Kátia Tapety

<p><span style="font-weight: 400;">Bogotá, 16 de setembro de 2025 &#8211; O Instituto sobre Raça, Igualdade e Direitos Humanos (Raça e Igualdade), em parceria com o Grupo de Acción y Apoyo a personas Trans (GAAT) e a Fundación Somos Identidad, realizará na Colômbia dois encontros da Escola de Formação Política Kátia Tapety, que acontecerão no dia 23 de setembro em Cali e no dia 26 em Bogotá.</span></p>
<p><strong>A Escola de Formação Política Kátia Tapety é um projeto do Instituto criado no Brasil em 2022, com o objetivo de capacitar mulheres LBTI, negras e indígenas para que possam participar plenamente em espaços de poder e tomada de decisões. Desde a sua criação, mais de 60 líderes no Brasil participaram dessas jornadas de capacitação.</strong></p>
<p><span style="font-weight: 400;">O programa leva o nome de Kátia Tapety, reconhecida como a primeira travesti eleita por voto direto no Brasil em 1992, cujo legado político é uma referência na América Latina para a defesa dos direitos humanos e a ampliação da participação política de mulheres trans, travestis, negras e indígenas.</span></p>
<p><span style="font-weight: 400;">Durante os encontros que serão realizados na Colômbia, serão desenvolvidas sessões sobre os seguintes temas:</span></p>
<ul>
<li><span style="font-weight: 400;">Conceitos e alcance da participação política.</span></li>
<li><span style="font-weight: 400;">Manifestações e consequências da violência política.</span></li>
<li><span style="font-weight: 400;">Mecanismos internacionais de proteção dos direitos humanos.</span></li>
<li><span style="font-weight: 400;">Intercâmbio de experiências e aprendizados da Escola no Brasil.</span></li>
</ul>
<p><strong>Se você é uma pessoa LBTI, negra ou indígena e deseja participar deste espaço, inscreva-se no link a seguir. As vagas são limitadas: <a href="https://forms.cloud.microsoft/r/sckf9qMPXt">https://forms.cloud.microsoft/r/sckf9qMPXt</a> </strong></p>

<p>Esses diálogos, que serão realizados nos dias 23 e 26 de setembro em Cali e Bogotá, respectivamente, contarão com a presença de algumas mulheres LBTI que participaram dessas jornadas de capacitação no Brasil. </p>
