{"id":18843,"date":"2024-08-05T19:53:36","date_gmt":"2024-08-05T19:53:36","guid":{"rendered":"https:\/\/raceandequality.org\/?post_type=team&#038;p=18843"},"modified":"2024-08-05T19:55:30","modified_gmt":"2024-08-05T19:55:30","slug":"antonia-iarissa-duarte","status":"publish","type":"team","link":"https:\/\/raceandequality.org\/pt-br\/team\/antonia-iarissa-duarte\/","title":{"rendered":"Ant\u00f4nia Iarissa Duarte"},"content":{"rendered":"<p>Antonia Iarissa \u00e9 respons\u00e1vel pela assist\u00eancia na administra\u00e7\u00e3o, finan\u00e7as, processos e log\u00edstica do escrit\u00f3rio de Ra\u00e7a e Igualdade no Brasil. Trabalha em colabora\u00e7\u00e3o com o Diretor do pa\u00eds e apoia os oficiais dos programas na execu\u00e7\u00e3o de projetos e na gest\u00e3o de tarefas operacionais.<\/p>\n<p>Possui gradua\u00e7\u00e3o em Seguran\u00e7a P\u00fablica pela Universidade Federal Fluminense (UFF). Atualmente, cursa p\u00f3s-gradua\u00e7\u00e3o em Direitos Humanos com interesse no sistema de justi\u00e7a e suas puni\u00e7\u00f5es. Possui experi\u00eancia em rela\u00e7\u00f5es comerciais e gest\u00e3o de equipe, tendo atuado em empresas privadas, onde contribuiu para a melhoria dos processos.<\/p>\n<p>iarissa@raceandequality.org<\/p>\n","protected":false},"featured_media":18844,"parent":0,"menu_order":6,"template":"","team_catergory":[1306],"class_list":["post-18843","team","type-team","status-publish","has-post-thumbnail","hentry","team_catergory-pessoal"],"acf":[],"aioseo_notices":[],"_links":{"self":[{"href":"https:\/\/raceandequality.org\/pt-br\/wp-json\/wp\/v2\/team\/18843","targetHints":{"allow":["GET"]}}],"collection":[{"href":"https:\/\/raceandequality.org\/pt-br\/wp-json\/wp\/v2\/team"}],"about":[{"href":"https:\/\/raceandequality.org\/pt-br\/wp-json\/wp\/v2\/types\/team"}],"wp:featuredmedia":[{"embeddable":true,"href":"https:\/\/raceandequality.org\/pt-br\/wp-json\/wp\/v2\/media\/18844"}],"wp:attachment":[{"href":"https:\/\/raceandequality.org\/pt-br\/wp-json\/wp\/v2\/media?parent=18843"}],"wp:term":[{"taxonomy":"team_catergory","embeddable":true,"href":"https:\/\/raceandequality.org\/pt-br\/wp-json\/wp\/v2\/team_catergory?post=18843"}],"curies":[{"name":"wp","href":"https:\/\/api.w.org\/{rel}","templated":true}]}}

Antônia Iarissa Duarte

<p>Antonia Iarissa é responsável pela assistência na administração, finanças, processos e logística do escritório de Raça e Igualdade no Brasil. Trabalha em colaboração com o Diretor do país e apoia os oficiais dos programas na execução de projetos e na gestão de tarefas operacionais.</p>
<p>Possui graduação em Segurança Pública pela Universidade Federal Fluminense (UFF). Atualmente, cursa pós-graduação em Direitos Humanos com interesse no sistema de justiça e suas punições. Possui experiência em relações comerciais e gestão de equipe, tendo atuado em empresas privadas, onde contribuiu para a melhoria dos processos.</p>
<p>iarissa@raceandequality.org</p>
